{"id":120,"date":"2017-04-06T10:35:39","date_gmt":"2017-04-06T10:35:39","guid":{"rendered":"http:\/\/studio.dev\/?page_id=120"},"modified":"2021-02-26T08:18:57","modified_gmt":"2021-02-26T08:18:57","slug":"contacto-solicitud-de-informacion","status":"publish","type":"page","link":"https:\/\/trezemarketing.com\/?page_id=120","title":{"rendered":"Contacto"},"content":{"rendered":"<div class=\"wpforms-container wpforms-container-full\" id=\"wpforms-1765\"><form id=\"wpforms-form-1765\" class=\"wpforms-validate wpforms-form\" data-formid=\"1765\" method=\"post\" enctype=\"multipart\/form-data\" action=\"\/index.php?rest_route=%2Fwp%2Fv2%2Fpages%2F120\" data-token=\"39e1ef35928a05e3cce9c4e850c31b70\"><div class=\"wpforms-head-container\"><div class=\"wpforms-title\">Solicitud de Informaci\u00f3n<\/div><div class=\"wpforms-description\">Rellena los datos para poder informarte sobre los temas de tu inter\u00e9s.<\/div><\/div><noscript class=\"wpforms-error-noscript\">Por favor, activa JavaScript en tu navegador para completar este formulario.<\/noscript><div class=\"wpforms-field-container\"><div id=\"wpforms-1765-field_0-container\" class=\"wpforms-field wpforms-field-name\" data-field-id=\"0\"><label class=\"wpforms-field-label\" for=\"wpforms-1765-field_0\">Nombre <span class=\"wpforms-required-label\">*<\/span><\/label><input type=\"text\" id=\"wpforms-1765-field_0\" class=\"wpforms-field-medium wpforms-field-required\" name=\"wpforms[fields][0]\" required><\/div><div id=\"wpforms-1765-field_1-container\" class=\"wpforms-field wpforms-field-email\" data-field-id=\"1\"><label class=\"wpforms-field-label\" for=\"wpforms-1765-field_1\">Correo electr\u00f3nico <span class=\"wpforms-required-label\">*<\/span><\/label><input type=\"email\" id=\"wpforms-1765-field_1\" class=\"wpforms-field-medium wpforms-field-required\" name=\"wpforms[fields][1]\" required><\/div><div id=\"wpforms-1765-field_5-container\" class=\"wpforms-field wpforms-field-phone\" data-field-id=\"5\"><label class=\"wpforms-field-label\" for=\"wpforms-1765-field_5\">Telefono <span class=\"wpforms-required-label\">*<\/span><\/label><input type=\"tel\" id=\"wpforms-1765-field_5\" class=\"wpforms-field-medium wpforms-field-required wpforms-smart-phone-field\" data-rule-smart-phone-field=\"true\" name=\"wpforms[fields][5]\" required><\/div><div id=\"wpforms-1765-field_3-container\" class=\"wpforms-field wpforms-field-radio wpforms-list-inline\" data-field-id=\"3\"><label class=\"wpforms-field-label\" for=\"wpforms-1765-field_3\">\u00bfSobre que tema quieres informaci\u00f3n? <span class=\"wpforms-required-label\">*<\/span><\/label><ul id=\"wpforms-1765-field_3\" class=\"wpforms-field-required wpforms-image-choices wpforms-image-choices-modern\"><li class=\"choice-1 depth-1 wpforms-image-choices-item\"><label class=\"wpforms-field-label-inline\" for=\"wpforms-1765-field_3_1\" tabindex=\"0\"><span class=\"wpforms-image-choices-image\"><img decoding=\"async\" src=\"https:\/\/trezemarketing.com\/wp-content\/uploads\/2017\/12\/Disen\u0303o-Web-250x125-1.png\" alt=\"Pagina Web SEO\" title=\"Pagina Web SEO\"><\/span><input type=\"radio\" id=\"wpforms-1765-field_3_1\" class=\"wpforms-screen-reader-element\" name=\"wpforms[fields][3]\" value=\"Pagina Web SEO\" tabindex=\"-1\" required ><span class=\"wpforms-image-choices-label\">Pagina Web SEO<\/span><\/label><\/li><li class=\"choice-2 depth-1 wpforms-image-choices-item\"><label class=\"wpforms-field-label-inline\" for=\"wpforms-1765-field_3_2\" tabindex=\"0\"><span class=\"wpforms-image-choices-image\"><img decoding=\"async\" src=\"https:\/\/trezemarketing.com\/wp-content\/uploads\/2017\/12\/Asesoramiento-seo-250x125-1.png\" alt=\"Asesoramiento SEO\" title=\"Asesoramiento SEO\"><\/span><input type=\"radio\" id=\"wpforms-1765-field_3_2\" class=\"wpforms-screen-reader-element\" name=\"wpforms[fields][3]\" value=\"Asesoramiento SEO\" tabindex=\"-1\" required ><span class=\"wpforms-image-choices-label\">Asesoramiento SEO<\/span><\/label><\/li><li class=\"choice-3 depth-1 wpforms-image-choices-item\"><label class=\"wpforms-field-label-inline\" for=\"wpforms-1765-field_3_3\" tabindex=\"0\"><span class=\"wpforms-image-choices-image\"><img decoding=\"async\" src=\"https:\/\/trezemarketing.com\/wp-content\/uploads\/2017\/12\/Marketing-Digital-250x125-1.png\" alt=\"Marketing Digital\" title=\"Marketing Digital\"><\/span><input type=\"radio\" id=\"wpforms-1765-field_3_3\" class=\"wpforms-screen-reader-element\" name=\"wpforms[fields][3]\" value=\"Marketing Digital\" tabindex=\"-1\" required ><span class=\"wpforms-image-choices-label\">Marketing Digital<\/span><\/label><\/li><li class=\"choice-5 depth-1 wpforms-image-choices-item\"><label class=\"wpforms-field-label-inline\" for=\"wpforms-1765-field_3_5\" tabindex=\"0\"><span class=\"wpforms-image-choices-image\"><img decoding=\"async\" src=\"https:\/\/trezemarketing.com\/wp-content\/uploads\/2017\/12\/Redes-Sociales-250x125-1.png\" alt=\"Redes Sociales\" title=\"Redes Sociales\"><\/span><input type=\"radio\" id=\"wpforms-1765-field_3_5\" class=\"wpforms-screen-reader-element\" name=\"wpforms[fields][3]\" value=\"Redes Sociales\" tabindex=\"-1\" required ><span class=\"wpforms-image-choices-label\">Redes Sociales<\/span><\/label><\/li><li class=\"choice-4 depth-1 wpforms-image-choices-item\"><label class=\"wpforms-field-label-inline\" for=\"wpforms-1765-field_3_4\" tabindex=\"0\"><span class=\"wpforms-image-choices-image\"><img decoding=\"async\" src=\"https:\/\/trezemarketing.com\/wp-content\/uploads\/2017\/12\/Informacion-250x125-1.png\" alt=\"Otra Informaci\u00f3n\" title=\"Otra Informaci\u00f3n\"><\/span><input type=\"radio\" id=\"wpforms-1765-field_3_4\" class=\"wpforms-screen-reader-element\" name=\"wpforms[fields][3]\" value=\"Otra Informaci\u00f3n\" tabindex=\"-1\" required ><span class=\"wpforms-image-choices-label\">Otra Informaci\u00f3n<\/span><\/label><\/li><\/ul><div class=\"wpforms-field-description\">Selecciona una opci\u00f3n.<\/div><\/div><div id=\"wpforms-1765-field_2-container\" class=\"wpforms-field wpforms-field-textarea\" data-field-id=\"2\"><label class=\"wpforms-field-label\" for=\"wpforms-1765-field_2\">Amplia, si lo deseas, la informaci\u00f3n de tu solicitud<\/label><textarea id=\"wpforms-1765-field_2\" class=\"wpforms-field-medium\" name=\"wpforms[fields][2]\" ><\/textarea><\/div><\/div><input type=\"hidden\" name=\"wpforms[recaptcha]\" value=\"\"><div class=\"wpforms-submit-container\"><input type=\"hidden\" name=\"wpforms[id]\" value=\"1765\"><input type=\"hidden\" name=\"wpforms[author]\" value=\"3\"><button type=\"submit\" name=\"wpforms[submit]\" id=\"wpforms-submit-1765\" class=\"wpforms-submit abuttonaccent\" data-alt-text=\"Enviando...\" data-submit-text=\"Enviar\" aria-live=\"assertive\" value=\"wpforms-submit\">Enviar<\/button><\/div><\/form><\/div>  <!-- .wpforms-container -->\n\n\n<div style=\"height:100px\" aria-hidden=\"true\" class=\"wp-block-spacer\"><\/div>\n\n\n\n<p class=\"has-text-align-center has-large-font-size\">\u00bfNecesitas algo m\u00e1s?<\/p>\n\n\n\n<div class=\"wp-block-buttons aligncenter is-layout-flex wp-block-buttons-is-layout-flex\">\n<div class=\"wp-block-button\"><a class=\"wp-block-button__link has-background\" href=\"https:\/presupuesto\" style=\"border-radius:15px;background-color:#fb1f56\" target=\"_blank\" rel=\"noreferrer noopener\">Solicitar Presupuesto<\/a><\/div>\n\n\n\n<div class=\"wp-block-button\"><a class=\"wp-block-button__link has-background\" href=\"https:\/consultoria-online\" style=\"border-radius:15px;background-color:#fb1f56\" target=\"_blank\" rel=\"noreferrer noopener\">Consultor\u00eda Online<\/a><\/div>\n<\/div>\n\n\n\n<div style=\"height:100px\" aria-hidden=\"true\" class=\"wp-block-spacer\"><\/div>\n","protected":false},"excerpt":{"rendered":"<p>Por favor, p\u00f3ngase en contacto con nosotros rellenando el siguiente formulario.<\/p>\n","protected":false},"author":3,"featured_media":1370,"parent":0,"menu_order":0,"comment_status":"closed","ping_status":"closed","template":"","meta":{"_exactmetrics_skip_tracking":false,"_exactmetrics_sitenote_active":false,"_exactmetrics_sitenote_note":"","_exactmetrics_sitenote_category":0,"_genesis_hide_title":false,"_genesis_hide_breadcrumbs":false,"_genesis_hide_singular_image":false,"_genesis_hide_footer_widgets":false,"_genesis_custom_body_class":"","_genesis_custom_post_class":"","_genesis_layout":"","_joinchat":[],"footnotes":""},"class_list":{"0":"post-120","1":"page","2":"type-page","3":"status-publish","4":"has-post-thumbnail","6":"entry"},"yoast_head":"<!-- This site is optimized with the Yoast SEO plugin v27.2 - https:\/\/yoast.com\/product\/yoast-seo-wordpress\/ -->\n<title>Contacto - Solicitud de Informaci\u00f3n TrezeMarketing<\/title>\n<meta name=\"description\" content=\"Contacto, para solicitud de informaci\u00f3n sobre los servicios que la Agencia TrezeMarketing ofrece. Agencia especializada en Dise\u00f1o Web y SEO.\" \/>\n<meta name=\"robots\" content=\"index, follow, max-snippet:-1, max-image-preview:large, max-video-preview:-1\" \/>\n<link rel=\"canonical\" href=\"https:\/contacto\" \/>\n<meta property=\"og:locale\" content=\"es_ES\" \/>\n<meta property=\"og:type\" content=\"article\" \/>\n<meta property=\"og:title\" content=\"Contacto - Solicitud de Informaci\u00f3n TrezeMarketing\" \/>\n<meta property=\"og:description\" content=\"Contacto, para solicitud de informaci\u00f3n sobre los servicios que la Agencia TrezeMarketing ofrece. Agencia especializada en Dise\u00f1o Web y SEO.\" \/>\n<meta property=\"og:url\" content=\"https:\/contacto\" \/>\n<meta property=\"og:site_name\" content=\"TrezeMarketing.com\" \/>\n<meta property=\"article:publisher\" content=\"https:\/\/www.facebook.com\/TrezeMarketing13\" \/>\n<meta property=\"article:modified_time\" content=\"2021-02-26T08:18:57+00:00\" \/>\n<meta property=\"og:image\" content=\"https:\/\/trezemarketing.com\/wp-content\/uploads\/2021\/02\/google-bing-yahoo-1280x801-1.jpg\" \/>\n\t<meta property=\"og:image:width\" content=\"1280\" \/>\n\t<meta property=\"og:image:height\" content=\"801\" \/>\n\t<meta property=\"og:image:type\" content=\"image\/jpeg\" \/>\n<meta name=\"twitter:card\" content=\"summary_large_image\" \/>\n<meta name=\"twitter:site\" content=\"@TrezeMarketing\" \/>\n<meta name=\"twitter:label1\" content=\"Tiempo de lectura\" \/>\n\t<meta name=\"twitter:data1\" content=\"1 minuto\" \/>\n<script type=\"application\/ld+json\" class=\"yoast-schema-graph\">{\"@context\":\"https:\/\/schema.org\",\"@graph\":[{\"@type\":\"WebPage\",\"@id\":\"https:\/\/trezemarketing.com\/?page_id=120\",\"url\":\"https:\/contacto\",\"name\":\"Contacto - Solicitud de Informaci\u00f3n TrezeMarketing\",\"isPartOf\":{\"@id\":\"https:\/\/trezemarketing.com\/#website\"},\"primaryImageOfPage\":{\"@id\":\"https:\/contacto#primaryimage\"},\"image\":{\"@id\":\"https:\/contacto#primaryimage\"},\"thumbnailUrl\":\"\",\"datePublished\":\"2017-04-06T10:35:39+00:00\",\"dateModified\":\"2021-02-26T08:18:57+00:00\",\"description\":\"Contacto, para solicitud de informaci\u00f3n sobre los servicios que la Agencia TrezeMarketing ofrece. Agencia especializada en Dise\u00f1o Web y SEO.\",\"breadcrumb\":{\"@id\":\"https:\/contacto#breadcrumb\"},\"inLanguage\":\"es\",\"potentialAction\":[{\"@type\":\"ReadAction\",\"target\":[\"https:\/contacto\"]}]},{\"@type\":\"ImageObject\",\"inLanguage\":\"es\",\"@id\":\"https:\/contacto#primaryimage\",\"url\":\"\",\"contentUrl\":\"\"},{\"@type\":\"BreadcrumbList\",\"@id\":\"https:\/contacto#breadcrumb\",\"itemListElement\":[{\"@type\":\"ListItem\",\"position\":1,\"name\":\"Portada\",\"item\":\"https:\/\/trezemarketing.com\/\"},{\"@type\":\"ListItem\",\"position\":2,\"name\":\"Contacto\"}]},{\"@type\":\"WebSite\",\"@id\":\"https:\/\/trezemarketing.com\/#website\",\"url\":\"https:\/\/trezemarketing.com\/\",\"name\":\"TrezeMarketing.com\",\"description\":\"Agencia de Marketing\",\"publisher\":{\"@id\":\"https:\/\/trezemarketing.com\/#organization\"},\"potentialAction\":[{\"@type\":\"SearchAction\",\"target\":{\"@type\":\"EntryPoint\",\"urlTemplate\":\"https:\/\/trezemarketing.com\/?s={search_term_string}\"},\"query-input\":{\"@type\":\"PropertyValueSpecification\",\"valueRequired\":true,\"valueName\":\"search_term_string\"}}],\"inLanguage\":\"es\"},{\"@type\":\"Organization\",\"@id\":\"https:\/\/trezemarketing.com\/#organization\",\"name\":\"TrezeMarketing\",\"url\":\"https:\/\/trezemarketing.com\/\",\"logo\":{\"@type\":\"ImageObject\",\"inLanguage\":\"es\",\"@id\":\"https:\/\/trezemarketing.com\/#\/schema\/logo\/image\/\",\"url\":\"https:\/\/trezemarketing.com\/wp-content\/uploads\/2017\/12\/TrezeMarketing-logo-2.png\",\"contentUrl\":\"https:\/\/trezemarketing.com\/wp-content\/uploads\/2017\/12\/TrezeMarketing-logo-2.png\",\"width\":300,\"height\":100,\"caption\":\"TrezeMarketing\"},\"image\":{\"@id\":\"https:\/\/trezemarketing.com\/#\/schema\/logo\/image\/\"},\"sameAs\":[\"https:\/\/www.facebook.com\/TrezeMarketing13\",\"https:\/\/x.com\/TrezeMarketing\",\"https:\/\/www.instagram.com\/trezemarketing\/\",\"https:\/\/www.linkedin.com\/company\/trezemarketing\/\"]}]}<\/script>\n<!-- \/ Yoast SEO plugin. -->","yoast_head_json":{"title":"Contacto - Solicitud de Informaci\u00f3n TrezeMarketing","description":"Contacto, para solicitud de informaci\u00f3n sobre los servicios que la Agencia TrezeMarketing ofrece. Agencia especializada en Dise\u00f1o Web y SEO.","robots":{"index":"index","follow":"follow","max-snippet":"max-snippet:-1","max-image-preview":"max-image-preview:large","max-video-preview":"max-video-preview:-1"},"canonical":"https:\/contacto","og_locale":"es_ES","og_type":"article","og_title":"Contacto - Solicitud de Informaci\u00f3n TrezeMarketing","og_description":"Contacto, para solicitud de informaci\u00f3n sobre los servicios que la Agencia TrezeMarketing ofrece. Agencia especializada en Dise\u00f1o Web y SEO.","og_url":"https:\/contacto","og_site_name":"TrezeMarketing.com","article_publisher":"https:\/\/www.facebook.com\/TrezeMarketing13","article_modified_time":"2021-02-26T08:18:57+00:00","og_image":[{"width":1280,"height":801,"url":"https:\/\/trezemarketing.com\/wp-content\/uploads\/2021\/02\/google-bing-yahoo-1280x801-1.jpg","type":"image\/jpeg"}],"twitter_card":"summary_large_image","twitter_site":"@TrezeMarketing","twitter_misc":{"Tiempo de lectura":"1 minuto"},"schema":{"@context":"https:\/\/schema.org","@graph":[{"@type":"WebPage","@id":"https:\/\/trezemarketing.com\/?page_id=120","url":"https:\/contacto","name":"Contacto - Solicitud de Informaci\u00f3n TrezeMarketing","isPartOf":{"@id":"https:\/\/trezemarketing.com\/#website"},"primaryImageOfPage":{"@id":"https:\/contacto#primaryimage"},"image":{"@id":"https:\/contacto#primaryimage"},"thumbnailUrl":"","datePublished":"2017-04-06T10:35:39+00:00","dateModified":"2021-02-26T08:18:57+00:00","description":"Contacto, para solicitud de informaci\u00f3n sobre los servicios que la Agencia TrezeMarketing ofrece. Agencia especializada en Dise\u00f1o Web y SEO.","breadcrumb":{"@id":"https:\/contacto#breadcrumb"},"inLanguage":"es","potentialAction":[{"@type":"ReadAction","target":["https:\/contacto"]}]},{"@type":"ImageObject","inLanguage":"es","@id":"https:\/contacto#primaryimage","url":"","contentUrl":""},{"@type":"BreadcrumbList","@id":"https:\/contacto#breadcrumb","itemListElement":[{"@type":"ListItem","position":1,"name":"Portada","item":"https:\/\/trezemarketing.com\/"},{"@type":"ListItem","position":2,"name":"Contacto"}]},{"@type":"WebSite","@id":"https:\/\/trezemarketing.com\/#website","url":"https:\/\/trezemarketing.com\/","name":"TrezeMarketing.com","description":"Agencia de Marketing","publisher":{"@id":"https:\/\/trezemarketing.com\/#organization"},"potentialAction":[{"@type":"SearchAction","target":{"@type":"EntryPoint","urlTemplate":"https:\/\/trezemarketing.com\/?s={search_term_string}"},"query-input":{"@type":"PropertyValueSpecification","valueRequired":true,"valueName":"search_term_string"}}],"inLanguage":"es"},{"@type":"Organization","@id":"https:\/\/trezemarketing.com\/#organization","name":"TrezeMarketing","url":"https:\/\/trezemarketing.com\/","logo":{"@type":"ImageObject","inLanguage":"es","@id":"https:\/\/trezemarketing.com\/#\/schema\/logo\/image\/","url":"https:\/\/trezemarketing.com\/wp-content\/uploads\/2017\/12\/TrezeMarketing-logo-2.png","contentUrl":"https:\/\/trezemarketing.com\/wp-content\/uploads\/2017\/12\/TrezeMarketing-logo-2.png","width":300,"height":100,"caption":"TrezeMarketing"},"image":{"@id":"https:\/\/trezemarketing.com\/#\/schema\/logo\/image\/"},"sameAs":["https:\/\/www.facebook.com\/TrezeMarketing13","https:\/\/x.com\/TrezeMarketing","https:\/\/www.instagram.com\/trezemarketing\/","https:\/\/www.linkedin.com\/company\/trezemarketing\/"]}]}},"featured_image_src":null,"featured_image_src_square":null,"_links":{"self":[{"href":"https:\/\/trezemarketing.com\/index.php?rest_route=\/wp\/v2\/pages\/120","targetHints":{"allow":["GET"]}}],"collection":[{"href":"https:\/\/trezemarketing.com\/index.php?rest_route=\/wp\/v2\/pages"}],"about":[{"href":"https:\/\/trezemarketing.com\/index.php?rest_route=\/wp\/v2\/types\/page"}],"author":[{"embeddable":true,"href":"https:\/\/trezemarketing.com\/index.php?rest_route=\/wp\/v2\/users\/3"}],"replies":[{"embeddable":true,"href":"https:\/\/trezemarketing.com\/index.php?rest_route=%2Fwp%2Fv2%2Fcomments&post=120"}],"version-history":[{"count":12,"href":"https:\/\/trezemarketing.com\/index.php?rest_route=\/wp\/v2\/pages\/120\/revisions"}],"predecessor-version":[{"id":2107,"href":"https:\/\/trezemarketing.com\/index.php?rest_route=\/wp\/v2\/pages\/120\/revisions\/2107"}],"wp:featuredmedia":[{"embeddable":true,"href":"https:\/\/trezemarketing.com\/index.php?rest_route=\/"}],"wp:attachment":[{"href":"https:\/\/trezemarketing.com\/index.php?rest_route=%2Fwp%2Fv2%2Fmedia&parent=120"}],"curies":[{"name":"wp","href":"https:\/\/api.w.org\/{rel}","templated":true}]}}