{"id":1283,"date":"2017-08-14T11:20:27","date_gmt":"2017-08-14T11:20:27","guid":{"rendered":"https:\/\/creative.dev\/?page_id=1283"},"modified":"2021-02-26T08:33:02","modified_gmt":"2021-02-26T08:33:02","slug":"diseno-web-seo","status":"publish","type":"page","link":"https:\/\/trezemarketing.com\/?page_id=1283","title":{"rendered":"Dise\u00f1o Web SEO"},"content":{"rendered":"\n<h2 class=\"has-text-align-center wp-block-heading\">\u00abDise\u00f1o Web SEO para que est\u00e9 optimizado para Google\u00bb<\/h2>\n\n\n\n<div style=\"height:100px\" aria-hidden=\"true\" class=\"wp-block-spacer\"><\/div>\n\n\n\n<div class=\"wp-block-image is-style-rounded\"><figure class=\"aligncenter size-large\"><img loading=\"lazy\" decoding=\"async\" width=\"1024\" height=\"641\" src=\"https:\/\/trezemarketing.com\/wp-content\/uploads\/2021\/02\/google-bing-yahoo-1280x801-1-1024x641.jpg\" alt=\"\" class=\"wp-image-2008\" srcset=\"https:\/\/trezemarketing.com\/wp-content\/uploads\/2021\/02\/google-bing-yahoo-1280x801-1-1024x641.jpg 1024w, https:\/\/trezemarketing.com\/wp-content\/uploads\/2021\/02\/google-bing-yahoo-1280x801-1-300x188.jpg 300w, https:\/\/trezemarketing.com\/wp-content\/uploads\/2021\/02\/google-bing-yahoo-1280x801-1-768x481.jpg 768w, https:\/\/trezemarketing.com\/wp-content\/uploads\/2021\/02\/google-bing-yahoo-1280x801-1.jpg 1280w\" sizes=\"auto, (max-width: 1024px) 100vw, 1024px\" \/><\/figure><\/div>\n\n\n\n<div style=\"height:100px\" aria-hidden=\"true\" class=\"wp-block-spacer\"><\/div>\n\n\n\n<p>Puedes creer que un Dise\u00f1o Web SEO lo puede hacer cualquier amigo, primo, inform\u00e1tico o persona con alg\u00fan conocimiento de alg\u00fan CMS del mercado. Y esto no es as\u00ed.<\/p>\n\n\n\n<p>Muchas personas con ciertos conocimientos de Dise\u00f1o Web son capaces de dise\u00f1ar una web que visualmente te puede gustar m\u00e1s o menos. Y puedes tener una web muy atractiva, que te guste mucho, pero que no sirva para nada.<\/p>\n\n\n\n<p>La parte m\u00e1s importante de una Web no es la que se ve, la m\u00e1s importante es la que no se ve. Esta parte es la que ven los buscadores como Google, Bing, Baidu, Yahoo, etc. Hay que conocer a la perfecci\u00f3n las directrices de estos buscadores para poder realizar un correcto Dise\u00f1o Web SEO. <\/p>\n\n\n\n<p>La mayor\u00eda de los Dise\u00f1adores se centran en los aspectos visuales de las p\u00e1ginas webs y no profundizan en el dise\u00f1o web para los buscadores como Google. Un Dise\u00f1ador Web especializado en SEO conseguir\u00e1 desarrollar tu sitio web para que cumpla todas las normas que exigen los buscadores. Esta es la \u00fanica forma que tu web aparezca el los listados de resultados de Google. Por este motivo siempre tienes que contratar un Dise\u00f1o Web a empresas especializadas en SEO.<\/p>\n\n\n\n<div style=\"height:100px\" aria-hidden=\"true\" class=\"wp-block-spacer\"><\/div>\n\n\n\n<h2 class=\"wp-block-heading\">\u00bfQu\u00e9 es el Dise\u00f1o Web SEO?<\/h2>\n\n\n\n<p>Un dise\u00f1o web SEO, es un dise\u00f1o que combina en perfectamente el dise\u00f1o del sitio web de una empresa o negocio,  con todos los aspectos que se deben tener en cuenta para \u00e9l Posicionamiento Web,  como por ejemplo, son las directrices que los buscadores como Google valoran para el ranking en la Serp o p\u00e1gina de resultados.<\/p>\n\n\n\n<p>El dise\u00f1o web SEO, no solo tiene en cuenta la parte visible de la p\u00e1gina, la cual esta optimizada para los usuarios, sino que tambi\u00e9n se ocupa de cada parte del c\u00f3digo de un pagina web para que este optimizado para buscadores. <\/p>\n\n\n\n<p>Para ser m\u00e1s claro, el dise\u00f1o web SEO tiene en cuenta c\u00f3mo debe ser el c\u00f3digo fuente de la p\u00e1gina web, que los usuarios no ven, pero Google s\u00ed ve, para que las tareas de posicionamiento SEO sean exitosas.<\/p>\n\n\n\n<p>Entendido de una forma m\u00e1s amplia, el dise\u00f1o web,  est\u00e1 completamente relacionado con el SEO, si queremos que nuestra Web sea visible para los buscadores y si queremos estar en las mejores posiciones de la p\u00e1gina del resultados de los buscadores como Google.<\/p>\n\n\n\n<div style=\"height:100px\" aria-hidden=\"true\" class=\"wp-block-spacer\"><\/div>\n\n\n\n<div style=\"background-color:#000000;text-align:center\" class=\"wp-block-genesis-blocks-gb-cta gb-block-cta aligncenter\"><div class=\"gb-cta-image-wrap\"><img decoding=\"async\" class=\"gb-cta-image has-background-dim\" src=\"https:\/\/trezemarketing.com\/wp-content\/uploads\/2021\/02\/prueba-call-to-action-1280x801-1.jpg\" alt=\"\"\/><\/div><div class=\"gb-cta-content\"><h2 class=\"gb-cta-title gb-font-size-32\" style=\"color:#ffffff\">Solicita una Consultor\u00eda Online GRATIS para conocer mejor tu proyecto<\/h2><div class=\"gb-cta-text gb-font-size-32\" style=\"color:#ffffff\"><p>Consultor\u00eda Online de 30 minutos de duraci\u00f3n. Valorada en 90 \u20ac<\/p><\/div><\/div><div class=\"gb-cta-button\"><a href=\"https:\/consultoria-online\" target=\"_blank\" rel=\"noopener noreferrer\" class=\"gb-button gb-button-shape-circular gb-button-size-extralarge\" style=\"color:#ffffff;background-color:#fb1f56\">Consultor\u00eda Online<\/a><\/div><\/div>\n\n\n\n<div style=\"height:100px\" aria-hidden=\"true\" class=\"wp-block-spacer\"><\/div>\n\n\n\n<h2 class=\"wp-block-heading\">WordPress para Dise\u00f1o Web optimizado para buscadores.<\/h2>\n\n\n\n<p>Nuestro equipo cuenta con expertos formados en dise\u00f1o gr\u00e1fico, desarrollo y posicionamiento web. Juntos realizaran un estudio previo para conseguir un proyecto que cumpla con las <strong>necesidades de la Empresa. <\/strong>Ademas este dise\u00f1o web tiene que conseguir la <strong>facilidad de uso<\/strong> por los usuarios y&nbsp; la optimizaci\u00f3n del <strong>posicionamiento para motores de b\u00fasqueda<\/strong>, principalmente Google.&nbsp;Estudiaremos a fondo tu negocio para que el dise\u00f1o del sitio web represente la imagen de la empresa sin descuidar la parte de optimizaci\u00f3n t\u00e9cnica.<\/p>\n\n\n\n<p>Para conseguir estos objetivos, somos especialistas en el CMS WordPress y mas espec\u00edficamente en los temas de la empresa StudioPress sobre Genesis Framework. Para que lo entiendas m\u00e1s f\u00e1cilmente, ellos ponen un ejemplo muy claro. Imag\u00ednate un coche:<\/p>\n\n\n\n<ul class=\"wp-block-list\"><li>WordPress es el motor.<\/li><li>Genesis Framework es el chasis.<\/li><li>Y los temas hijos Studiopress son el acabado: pintura, lunas, llantas, etc.<\/li><\/ul>\n\n\n\n<p>La diferencia con la mayor\u00eda de temas es que no tienen tema hijo. Siguiendo el ejemplo, el chasis y los acabados est\u00e1n juntos y cualquier modificaci\u00f3n puede afectar a las dos partes.<\/p>\n\n\n\n<div style=\"height:100px\" aria-hidden=\"true\" class=\"wp-block-spacer\"><\/div>\n\n\n\n<div class=\"wp-block-image wp-image-1737\"><figure class=\"aligncenter size-large\"><img loading=\"lazy\" decoding=\"async\" width=\"1024\" height=\"641\" src=\"https:\/\/trezemarketing.com\/wp-content\/uploads\/2021\/02\/motor-chasis-acabados-1280x801-1-1024x641.jpg\" alt=\"\" class=\"wp-image-2005\" srcset=\"https:\/\/trezemarketing.com\/wp-content\/uploads\/2021\/02\/motor-chasis-acabados-1280x801-1-1024x641.jpg 1024w, https:\/\/trezemarketing.com\/wp-content\/uploads\/2021\/02\/motor-chasis-acabados-1280x801-1-300x188.jpg 300w, https:\/\/trezemarketing.com\/wp-content\/uploads\/2021\/02\/motor-chasis-acabados-1280x801-1-768x481.jpg 768w, https:\/\/trezemarketing.com\/wp-content\/uploads\/2021\/02\/motor-chasis-acabados-1280x801-1.jpg 1280w\" sizes=\"auto, (max-width: 1024px) 100vw, 1024px\" \/><\/figure><\/div>\n\n\n\n<p class=\"has-text-align-center has-large-font-size\">\u00bfC\u00f3mo te podemos Ayudar?<\/p>\n\n\n\n<div class=\"wp-block-buttons aligncenter is-layout-flex wp-block-buttons-is-layout-flex\">\n<div class=\"wp-block-button\"><a class=\"wp-block-button__link has-background\" href=\"https:\/contacto-solicitud-de-informacion\" style=\"border-radius:15px;background-color:#fb1f56\" target=\"_blank\" rel=\"noreferrer noopener\">M\u00e1s Informaci\u00f3n <\/a><\/div>\n\n\n\n<div class=\"wp-block-button\"><a class=\"wp-block-button__link has-background\" href=\"https:\/presupuesto\" style=\"border-radius:15px;background-color:#fb1f56\" target=\"_blank\" rel=\"noreferrer noopener\">Solicitar Presupuesto<\/a><\/div>\n\n\n\n<div class=\"wp-block-button\"><a class=\"wp-block-button__link has-background\" href=\"https:\/consultoria-online\" style=\"border-radius:15px;background-color:#fb1f56\" target=\"_blank\" rel=\"noreferrer noopener\">Consultor\u00eda Online<\/a><\/div>\n<\/div>\n\n\n\n<div style=\"height:100px\" aria-hidden=\"true\" class=\"wp-block-spacer\"><\/div>\n\n\n\n<p>Con esta estructura todas las modificaciones se realizan sobre el tema hijo y as\u00ed se consigue una web muy ligera, con una velocidad de carga muy alta y perfectamente optimizada para Google.<\/p>\n\n\n\n<p>Durante el desarrollo web tenemos un prop\u00f3sito de dise\u00f1o ligero, moderno y creado para generar una experiencia \u00fanica en todos los tipos de dispositivos, smartphones, tabletas y ordenadores.&nbsp;<\/p>\n\n\n\n<div style=\"height:100px\" aria-hidden=\"true\" class=\"wp-block-spacer\"><\/div>\n\n\n\n<h2 class=\"wp-block-heading\">Dise\u00f1o adaptable en todos los dispositivos.<\/h2>\n\n\n\n<p class=\"media-heading\">Realizamos un desarrollo de p\u00e1ginas web <strong>totalmente responsive<\/strong>. Esto quiere decir que <strong>el dise\u00f1o ser\u00e1 adaptable<\/strong> y&nbsp; se podr\u00e1 ver <strong>en cualquier dispositivo<\/strong> digital, ordenadores, tablets y smartphones. De este modo conseguimos una excelente usabilidad y experiencia de usuario al visitar la pagina web en distintos dispositivos.&nbsp;  <\/p>\n\n\n\n<h3 class=\"has-medium-font-size wp-block-heading\">Usabilidad (UI) y Experiencia de Usuario (UX).<\/h3>\n\n\n\n<p>Nuestros dise\u00f1os webs est\u00e1n perfectamente optimizados para UI y UX. La <strong>Usabilidad<\/strong> se refiere a la facilidad de uso que ofrece una web, aplicaci\u00f3n o programa y la <strong>Experiencia de Usuario<\/strong> se refiere a como las personas nos sentimos al interactuar con un sistema, puede ser un sitio web, una aplicaci\u00f3n o un software.&nbsp;<\/p>\n\n\n\n<p class=\"media-heading\"><span style=\"font-size: inherit; text-align: center;\">Estructurar bien un sitio web es importante para tu negocio. Por ello, nos tomamos muy enserio que el dise\u00f1o sea atractivo y amigable para los usuarios que la visiten.<\/span><\/p>\n\n\n\n<div style=\"height:100px\" aria-hidden=\"true\" class=\"wp-block-spacer\"><\/div>\n\n\n\n<div class=\"wp-block-image\"><figure class=\"aligncenter size-large\"><img loading=\"lazy\" decoding=\"async\" width=\"1024\" height=\"641\" src=\"https:\/\/trezemarketing.com\/wp-content\/uploads\/2021\/02\/disen\u0303o-responsive-multidispositivo-1280x801-1-1024x641.jpg\" alt=\"\" class=\"wp-image-2013\" srcset=\"https:\/\/trezemarketing.com\/wp-content\/uploads\/2021\/02\/disen\u0303o-responsive-multidispositivo-1280x801-1-1024x641.jpg 1024w, https:\/\/trezemarketing.com\/wp-content\/uploads\/2021\/02\/disen\u0303o-responsive-multidispositivo-1280x801-1-300x188.jpg 300w, https:\/\/trezemarketing.com\/wp-content\/uploads\/2021\/02\/disen\u0303o-responsive-multidispositivo-1280x801-1-768x481.jpg 768w, https:\/\/trezemarketing.com\/wp-content\/uploads\/2021\/02\/disen\u0303o-responsive-multidispositivo-1280x801-1.jpg 1280w\" sizes=\"auto, (max-width: 1024px) 100vw, 1024px\" \/><\/figure><\/div>\n\n\n\n<div style=\"height:100px\" aria-hidden=\"true\" class=\"wp-block-spacer\"><\/div>\n\n\n\n<h2 class=\"wp-block-heading\">Dise\u00f1o Web SEO &#8211; Partes imprescindibles<\/h2>\n\n\n\n<p>Podemos dividir este tema en tres partes imprescindibles para un desarrollo web optimizado para SEO. Digamos que es el m\u00ednimo imprescindible para un Dise\u00f1o Web SEO.<\/p>\n\n\n\n<h3 class=\"has-medium-font-size wp-block-heading\">Que sea Accesible.<\/h3>\n\n\n\n<p>El primer paso en la optimizaci\u00f3n SEO de un sitio web, es dar acceso a los motores de b\u00fasqueda a las p\u00e1ginas que queremos que s\u00e9 vean, no todas queremos que se vean . Esto significa que debemos verificar si la web es visible para los motores de b\u00fasqueda.<\/p>\n\n\n\n<p>Hay muchos aspectos que tenemos que tener en cuenta para una buena accesibilidad. <\/p>\n\n\n\n<p>Archivo robots txt, Meta etiqueta robots, C\u00f3digos de estado HTTP, Sitemap, Estructura web, JavaScript y CSS, Velocidad de la web.<\/p>\n\n\n\n<h3 class=\"has-medium-font-size wp-block-heading\">Que se Indexe en Buscadores.<\/h3>\n\n\n\n<p>El siguiente paso es que los buscadores como Google incluyan las p\u00e1ginas en un indice donde se ordenan seg\u00fan su contenido, su autoridad o su relevancia. Hay distintas estrategias de acelerar la indexaci\u00f3n de la paginas.<\/p>\n\n\n\n<p>Hay que pensar, que si una p\u00e1gina no esta indexada en Google por ejemplo, este buscador no la va a mostrar cuando un usuario busque por su palabra clave. La p\u00e1gina existe en Internet pero los buscadores no la muestran. <\/p>\n\n\n\n<p>Por eso, la importancia de utilizar las t\u00e9cnicas apropiadas para conseguir este objetivo.<\/p>\n\n\n\n<h3 class=\"has-medium-font-size wp-block-heading\">Que tenga un contenido de calidad.<\/h3>\n\n\n\n<p>Un contenido de calidad es lo mismo que decir un Contenido SEO. Este contenido esa dise\u00f1ado para clasificarse en los motores de b\u00fasqueda como Google y que sea capaz de darle al usuario lo que busca en esa p\u00e1gina y as\u00ed conseguiremos un aumento de Tr\u00e1fico Org\u00e1nico. A mayor trafico org\u00e1nico, mayor conversi\u00f3n o ventas.<\/p>\n\n\n\n<p>Un buen contenido nos ayuda a crear y potenciar nuestra marca personal o empresarial. Poco a poco se va creando una Identidad de Marca. Esto nos ayuda a que los usuarios nos reconozcan y nos identifiquen, all\u00e1 donde nos vean, como por ejemplo en redes sociales.<\/p>\n\n\n\n<div style=\"height:100px\" aria-hidden=\"true\" class=\"wp-block-spacer\"><\/div>\n\n\n\n<div style=\"background-color:#000000;text-align:center\" class=\"wp-block-genesis-blocks-gb-cta gb-block-cta aligncenter\"><div class=\"gb-cta-image-wrap\"><img decoding=\"async\" class=\"gb-cta-image has-background-dim\" src=\"https:\/\/trezemarketing.com\/wp-content\/uploads\/2021\/02\/prueba-call-to-action-1280x801-1.jpg\" alt=\"\"\/><\/div><div class=\"gb-cta-content\"><h2 class=\"gb-cta-title gb-font-size-32\" style=\"color:#ffffff\">Solicita una Consultor\u00eda Online GRATIS para conocer mejor tu proyecto<\/h2><div class=\"gb-cta-text gb-font-size-32\" style=\"color:#ffffff\"><p>Consultor\u00eda Online de 30 minutos de duraci\u00f3n. Valorada en 90 \u20ac<\/p><\/div><\/div><div class=\"gb-cta-button\"><a href=\"https:\/consultoria-online\" target=\"_blank\" rel=\"noopener noreferrer\" class=\"gb-button gb-button-shape-circular gb-button-size-extralarge\" style=\"color:#ffffff;background-color:#fb1f56\">Consultor\u00eda Online<\/a><\/div><\/div>\n","protected":false},"excerpt":{"rendered":"<p>\u00abDise\u00f1o Web SEO para que est\u00e9 optimizado para Google\u00bb<\/p>\n","protected":false},"author":3,"featured_media":2008,"parent":0,"menu_order":0,"comment_status":"closed","ping_status":"closed","template":"","meta":{"_exactmetrics_skip_tracking":false,"_exactmetrics_sitenote_active":false,"_exactmetrics_sitenote_note":"","_exactmetrics_sitenote_category":0,"_genesis_hide_title":false,"_genesis_hide_breadcrumbs":false,"_genesis_hide_singular_image":false,"_genesis_hide_footer_widgets":false,"_genesis_custom_body_class":"","_genesis_custom_post_class":"","_genesis_layout":"","_joinchat":[],"footnotes":""},"class_list":{"0":"post-1283","1":"page","2":"type-page","3":"status-publish","4":"has-post-thumbnail","6":"entry"},"yoast_head":"<!-- This site is optimized with the Yoast SEO plugin v27.2 - https:\/\/yoast.com\/product\/yoast-seo-wordpress\/ -->\n<title>Dise\u00f1o Web SEO - \u00a1Dise\u00f1amos por completo la p\u00e1gina web de tu negocio!<\/title>\n<meta name=\"description\" content=\"Con dise\u00f1o web seo, optimizado para usuarios y buscadores, conseguimos una mayor visibilidad de tu negocio y mejores conversiones o ventas.\" \/>\n<meta name=\"robots\" content=\"index, follow, max-snippet:-1, max-image-preview:large, max-video-preview:-1\" \/>\n<link rel=\"canonical\" href=\"https:\/diseno-web-seo\" \/>\n<meta property=\"og:locale\" content=\"es_ES\" \/>\n<meta property=\"og:type\" content=\"article\" \/>\n<meta property=\"og:title\" content=\"Dise\u00f1o Web SEO - \u00a1Dise\u00f1amos por completo la p\u00e1gina web de tu negocio!\" \/>\n<meta property=\"og:description\" content=\"Con dise\u00f1o web seo, optimizado para usuarios y buscadores, conseguimos una mayor visibilidad de tu negocio y mejores conversiones o ventas.\" \/>\n<meta property=\"og:url\" content=\"https:\/diseno-web-seo\" \/>\n<meta property=\"og:site_name\" content=\"TrezeMarketing.com\" \/>\n<meta property=\"article:publisher\" content=\"https:\/\/www.facebook.com\/TrezeMarketing13\" \/>\n<meta property=\"article:modified_time\" content=\"2021-02-26T08:33:02+00:00\" \/>\n<meta property=\"og:image\" content=\"https:\/\/trezemarketing.com\/wp-content\/uploads\/2021\/02\/google-bing-yahoo-1280x801-1.jpg\" \/>\n\t<meta property=\"og:image:width\" content=\"1280\" \/>\n\t<meta property=\"og:image:height\" content=\"801\" \/>\n\t<meta property=\"og:image:type\" content=\"image\/jpeg\" \/>\n<meta name=\"twitter:card\" content=\"summary_large_image\" \/>\n<meta name=\"twitter:site\" content=\"@TrezeMarketing\" \/>\n<meta name=\"twitter:label1\" content=\"Tiempo de lectura\" \/>\n\t<meta name=\"twitter:data1\" content=\"6 minutos\" \/>\n<script type=\"application\/ld+json\" class=\"yoast-schema-graph\">{\"@context\":\"https:\/\/schema.org\",\"@graph\":[{\"@type\":[\"WebPage\",\"QAPage\"],\"@id\":\"https:\/\/trezemarketing.com\/?page_id=1283\",\"url\":\"https:\/diseno-web-seo\",\"name\":\"Dise\u00f1o Web SEO - \u00a1Dise\u00f1amos por completo la p\u00e1gina web de tu negocio!\",\"isPartOf\":{\"@id\":\"https:\/\/trezemarketing.com\/#website\"},\"primaryImageOfPage\":{\"@id\":\"https:\/diseno-web-seo#primaryimage\"},\"image\":{\"@id\":\"https:\/diseno-web-seo#primaryimage\"},\"thumbnailUrl\":\"https:\/\/trezemarketing.com\/wp-content\/uploads\/2021\/02\/google-bing-yahoo-1280x801-1.jpg\",\"datePublished\":\"2017-08-14T11:20:27+00:00\",\"dateModified\":\"2021-02-26T08:33:02+00:00\",\"description\":\"Con dise\u00f1o web seo, optimizado para usuarios y buscadores, conseguimos una mayor visibilidad de tu negocio y mejores conversiones o ventas.\",\"breadcrumb\":{\"@id\":\"https:\/diseno-web-seo#breadcrumb\"},\"inLanguage\":\"es\",\"potentialAction\":[{\"@type\":\"ReadAction\",\"target\":[\"https:\/diseno-web-seo\"]}]},{\"@type\":\"ImageObject\",\"inLanguage\":\"es\",\"@id\":\"https:\/diseno-web-seo#primaryimage\",\"url\":\"https:\/\/trezemarketing.com\/wp-content\/uploads\/2021\/02\/google-bing-yahoo-1280x801-1.jpg\",\"contentUrl\":\"https:\/\/trezemarketing.com\/wp-content\/uploads\/2021\/02\/google-bing-yahoo-1280x801-1.jpg\",\"width\":1280,\"height\":801,\"caption\":\"Dise\u00f1o Web SEO\"},{\"@type\":\"BreadcrumbList\",\"@id\":\"https:\/diseno-web-seo#breadcrumb\",\"itemListElement\":[{\"@type\":\"ListItem\",\"position\":1,\"name\":\"Portada\",\"item\":\"https:\/\/trezemarketing.com\/\"},{\"@type\":\"ListItem\",\"position\":2,\"name\":\"Dise\u00f1o Web SEO\"}]},{\"@type\":\"WebSite\",\"@id\":\"https:\/\/trezemarketing.com\/#website\",\"url\":\"https:\/\/trezemarketing.com\/\",\"name\":\"TrezeMarketing.com\",\"description\":\"Agencia de Marketing\",\"publisher\":{\"@id\":\"https:\/\/trezemarketing.com\/#organization\"},\"potentialAction\":[{\"@type\":\"SearchAction\",\"target\":{\"@type\":\"EntryPoint\",\"urlTemplate\":\"https:\/\/trezemarketing.com\/?s={search_term_string}\"},\"query-input\":{\"@type\":\"PropertyValueSpecification\",\"valueRequired\":true,\"valueName\":\"search_term_string\"}}],\"inLanguage\":\"es\"},{\"@type\":\"Organization\",\"@id\":\"https:\/\/trezemarketing.com\/#organization\",\"name\":\"TrezeMarketing\",\"url\":\"https:\/\/trezemarketing.com\/\",\"logo\":{\"@type\":\"ImageObject\",\"inLanguage\":\"es\",\"@id\":\"https:\/\/trezemarketing.com\/#\/schema\/logo\/image\/\",\"url\":\"https:\/\/trezemarketing.com\/wp-content\/uploads\/2017\/12\/TrezeMarketing-logo-2.png\",\"contentUrl\":\"https:\/\/trezemarketing.com\/wp-content\/uploads\/2017\/12\/TrezeMarketing-logo-2.png\",\"width\":300,\"height\":100,\"caption\":\"TrezeMarketing\"},\"image\":{\"@id\":\"https:\/\/trezemarketing.com\/#\/schema\/logo\/image\/\"},\"sameAs\":[\"https:\/\/www.facebook.com\/TrezeMarketing13\",\"https:\/\/x.com\/TrezeMarketing\",\"https:\/\/www.instagram.com\/trezemarketing\/\",\"https:\/\/www.linkedin.com\/company\/trezemarketing\/\"]}]}<\/script>\n<!-- \/ Yoast SEO plugin. -->","yoast_head_json":{"title":"Dise\u00f1o Web SEO - \u00a1Dise\u00f1amos por completo la p\u00e1gina web de tu negocio!","description":"Con dise\u00f1o web seo, optimizado para usuarios y buscadores, conseguimos una mayor visibilidad de tu negocio y mejores conversiones o ventas.","robots":{"index":"index","follow":"follow","max-snippet":"max-snippet:-1","max-image-preview":"max-image-preview:large","max-video-preview":"max-video-preview:-1"},"canonical":"https:\/diseno-web-seo","og_locale":"es_ES","og_type":"article","og_title":"Dise\u00f1o Web SEO - \u00a1Dise\u00f1amos por completo la p\u00e1gina web de tu negocio!","og_description":"Con dise\u00f1o web seo, optimizado para usuarios y buscadores, conseguimos una mayor visibilidad de tu negocio y mejores conversiones o ventas.","og_url":"https:\/diseno-web-seo","og_site_name":"TrezeMarketing.com","article_publisher":"https:\/\/www.facebook.com\/TrezeMarketing13","article_modified_time":"2021-02-26T08:33:02+00:00","og_image":[{"width":1280,"height":801,"url":"https:\/\/trezemarketing.com\/wp-content\/uploads\/2021\/02\/google-bing-yahoo-1280x801-1.jpg","type":"image\/jpeg"}],"twitter_card":"summary_large_image","twitter_site":"@TrezeMarketing","twitter_misc":{"Tiempo de lectura":"6 minutos"},"schema":{"@context":"https:\/\/schema.org","@graph":[{"@type":["WebPage","QAPage"],"@id":"https:\/\/trezemarketing.com\/?page_id=1283","url":"https:\/diseno-web-seo","name":"Dise\u00f1o Web SEO - \u00a1Dise\u00f1amos por completo la p\u00e1gina web de tu negocio!","isPartOf":{"@id":"https:\/\/trezemarketing.com\/#website"},"primaryImageOfPage":{"@id":"https:\/diseno-web-seo#primaryimage"},"image":{"@id":"https:\/diseno-web-seo#primaryimage"},"thumbnailUrl":"https:\/\/trezemarketing.com\/wp-content\/uploads\/2021\/02\/google-bing-yahoo-1280x801-1.jpg","datePublished":"2017-08-14T11:20:27+00:00","dateModified":"2021-02-26T08:33:02+00:00","description":"Con dise\u00f1o web seo, optimizado para usuarios y buscadores, conseguimos una mayor visibilidad de tu negocio y mejores conversiones o ventas.","breadcrumb":{"@id":"https:\/diseno-web-seo#breadcrumb"},"inLanguage":"es","potentialAction":[{"@type":"ReadAction","target":["https:\/diseno-web-seo"]}]},{"@type":"ImageObject","inLanguage":"es","@id":"https:\/diseno-web-seo#primaryimage","url":"https:\/\/trezemarketing.com\/wp-content\/uploads\/2021\/02\/google-bing-yahoo-1280x801-1.jpg","contentUrl":"https:\/\/trezemarketing.com\/wp-content\/uploads\/2021\/02\/google-bing-yahoo-1280x801-1.jpg","width":1280,"height":801,"caption":"Dise\u00f1o Web SEO"},{"@type":"BreadcrumbList","@id":"https:\/diseno-web-seo#breadcrumb","itemListElement":[{"@type":"ListItem","position":1,"name":"Portada","item":"https:\/\/trezemarketing.com\/"},{"@type":"ListItem","position":2,"name":"Dise\u00f1o Web SEO"}]},{"@type":"WebSite","@id":"https:\/\/trezemarketing.com\/#website","url":"https:\/\/trezemarketing.com\/","name":"TrezeMarketing.com","description":"Agencia de Marketing","publisher":{"@id":"https:\/\/trezemarketing.com\/#organization"},"potentialAction":[{"@type":"SearchAction","target":{"@type":"EntryPoint","urlTemplate":"https:\/\/trezemarketing.com\/?s={search_term_string}"},"query-input":{"@type":"PropertyValueSpecification","valueRequired":true,"valueName":"search_term_string"}}],"inLanguage":"es"},{"@type":"Organization","@id":"https:\/\/trezemarketing.com\/#organization","name":"TrezeMarketing","url":"https:\/\/trezemarketing.com\/","logo":{"@type":"ImageObject","inLanguage":"es","@id":"https:\/\/trezemarketing.com\/#\/schema\/logo\/image\/","url":"https:\/\/trezemarketing.com\/wp-content\/uploads\/2017\/12\/TrezeMarketing-logo-2.png","contentUrl":"https:\/\/trezemarketing.com\/wp-content\/uploads\/2017\/12\/TrezeMarketing-logo-2.png","width":300,"height":100,"caption":"TrezeMarketing"},"image":{"@id":"https:\/\/trezemarketing.com\/#\/schema\/logo\/image\/"},"sameAs":["https:\/\/www.facebook.com\/TrezeMarketing13","https:\/\/x.com\/TrezeMarketing","https:\/\/www.instagram.com\/trezemarketing\/","https:\/\/www.linkedin.com\/company\/trezemarketing\/"]}]}},"featured_image_src":"https:\/\/trezemarketing.com\/wp-content\/uploads\/2021\/02\/google-bing-yahoo-1280x801-1.jpg","featured_image_src_square":"https:\/\/trezemarketing.com\/wp-content\/uploads\/2021\/02\/google-bing-yahoo-1280x801-1.jpg","_links":{"self":[{"href":"https:\/\/trezemarketing.com\/index.php?rest_route=\/wp\/v2\/pages\/1283","targetHints":{"allow":["GET"]}}],"collection":[{"href":"https:\/\/trezemarketing.com\/index.php?rest_route=\/wp\/v2\/pages"}],"about":[{"href":"https:\/\/trezemarketing.com\/index.php?rest_route=\/wp\/v2\/types\/page"}],"author":[{"embeddable":true,"href":"https:\/\/trezemarketing.com\/index.php?rest_route=\/wp\/v2\/users\/3"}],"replies":[{"embeddable":true,"href":"https:\/\/trezemarketing.com\/index.php?rest_route=%2Fwp%2Fv2%2Fcomments&post=1283"}],"version-history":[{"count":44,"href":"https:\/\/trezemarketing.com\/index.php?rest_route=\/wp\/v2\/pages\/1283\/revisions"}],"predecessor-version":[{"id":2113,"href":"https:\/\/trezemarketing.com\/index.php?rest_route=\/wp\/v2\/pages\/1283\/revisions\/2113"}],"wp:featuredmedia":[{"embeddable":true,"href":"https:\/\/trezemarketing.com\/index.php?rest_route=\/wp\/v2\/media\/2008"}],"wp:attachment":[{"href":"https:\/\/trezemarketing.com\/index.php?rest_route=%2Fwp%2Fv2%2Fmedia&parent=1283"}],"curies":[{"name":"wp","href":"https:\/\/api.w.org\/{rel}","templated":true}]}}